9*d + i = 0. What is the remainder when d is divided by 3?
0
Suppose u + 2282 = 3*j, -3*u - 1519 = -j - j. Let r(i) = i**3 + 2*i + 3. What is the remainder when j is divided by r(2)?
11
Let z = 28161 + -27882. Calculate the remainder when z is divided by 229.
50
Let y(s) = s**2 + 8. Let x = 60 + -30. What is the remainder when y(-6) is divided by -15*((-192)/x)/8?
8
Let s = -3698 + 4469. Calculate the remainder when s is divided by 86.
83
Suppose -4*m = 3*d - 21, -3*d + 6 = 3*m - 4*d. Suppose 6 = m*i - 0. Suppose -s - 28 = -6*s + 2*c, -i*s - 8 = 4*c. What is the remainder when s is divided by 2?
0
Suppose -x + w = -w - 88, 4*x + 2*w = 402. Let z be 10*(1 + (-11)/2). Let c = z + 79. What is the remainder when x is divided by c?
30
Let o(b) = -b**3 - 20*b**2 + 16*b - 4. Calculate the remainder when o(-21) is divided by (8/12)/((-14)/(-315)).
11
Suppose 3*t + 49 - 6 = 4*g, -23 = -2*g + 3*t. Suppose 0*o + 2*o = -2*k + g, 0 = -k - 5*o + 1. Calculate the remainder when 117 is divided by k.
3
Let z be 13 - 0*5/30. Suppose -3*w + z*w - 430 = 0. What is the remainder when 101 is divided by w?
15
Let f(k) = -k**3 + 39*k**2 + 80*k + 93. Let m be f(41). Let t(h) = -h**3 + 12*h**2 - 6*h - 26. What is the remainder when 54 is divided by t(m)?
25
Let r be -9*(-2)/((-3)/(12/(-8))). Suppose -4*g + 35 = -r. Suppose 7*y + 164 = g*y. Calculate the remainder when y is divided by 11.
8
Let k = 45 + 3. Let u be ((-33)/(-4) - (-18)/72)*16. Suppose -41*p = -49*p + u. Calculate the remainder when k is divided by p.
14
Calculate the remainder when (-14912)/(-22) - (357/33 + -7 - 4) is divided by 59.
29
Suppose 3*v = -4*b + 5607, b = 3*b - 2*v - 2786. Calculate the remainder when b is divided by 28.
26
Suppose 0 = -5*c - 3*z + 324, -262 = -4*c + 2*z - 3*z. Suppose 3*f + 0*f = c. Let d = 588 + -575. Calculate the remainder when f is divided by d.
9
Suppose 908 = -4*v - 2*r, -5*v + r + 4*r = 1150. Let o = v - -436. Let j(z) = 3*z**2 - z. What is the remainder when o is divided by j(-2)?
12
Suppose 2*c - 3*i = 181, 2*c = -0*i + i + 187. Suppose c = 3*p + 2*p. Let q = 9196 - 9186. What is the remainder when p is divided by q?
9
Suppose -133*x = -364*x + 8166 + 12624. Calculate the remainder when 1169 is divided by x.
89
Suppose -5*k - 5*g = 150, -70 = 3*k - 4*g + 6. Let r = 76 + k. Suppose 5*z = -a + 473, -5*z + 0*z + 485 = 5*a. Calculate the remainder when z is divided by r.
46
Let b(p) = p**2 - 16*p + 44. Let k be b(4). What is the remainder when 39 is divided by k/(-5) + 2*42/20?
4
Let z(g) = -g**2 + 19*g + 9. Let y be z(19). Let w(h) = -h**2 + 10*h - 9. Calculate the remainder when w(6) is divided by 11 - (5 + (y - 9)).
3
Suppose -5*i + 8*i = -5*u + 199, -i = 5*u - 193. Calculate the remainder when 1554 is divided by u.
34
Calculate the remainder when 867 is divided by (-288 - 1)*(211 - 212).
0
Let r be 591/(-5) - (2 - 22/10). Let x = r + 118. Suppose 5*y - 10 - 120 = x. Calculate the remainder when 125 is divided by y.
21
Suppose 3*l + 21 = 6*l. Suppose 13*c - 88 = 68. Suppose -84 = 5*q - c*q. What is the remainder when q is divided by l?
5
Let d(q) = -q**2 + 73*q - 836. What is the remainder when d(55) is divided by 79?
75
Let c = -737 - -757. Let l(q) be the second derivative of 7*q**4/12 - q**3/3 + q**2/2 + 5*q. Calculate the remainder when l(3) is divided by c.
18
Suppose a + f - 6 = 0, -a + 3*f + 10 = 5*f. Suppose -4*b + 4*d = -0*b - 336, a*b = -5*d + 147. Calculate the remainder when b is divided by 41.
40
Let q(i) = -5*i + 151. Suppose -280 = 86*a - 76*a. Calculate the remainder when q(a) is divided by 73.
72
Let y = 622 + -442. What is the remainder when y/(-120)*((-294)/2 + -1) is divided by 45?
42
Let q(j) = -15*j + 168. Let y be q(12). Calculate the remainder when 197 is divided by (-2)/6 + (-220)/y.
17
Suppose 2*c = -5*o + 2052, -5*c + 1821 - 193 = 4*o. What is the remainder when o is divided by 20?
12
Let o(z) = 52*z**2 - 3835*z - 63. What is the remainder when o(74) is divided by 60?
59
Calculate the remainder when (18 + -590)/(-1 - (-3 - -4)) is divided by 54.
16
Calculate the remainder when 2109 is divided by (-22)/352 - 9092/(-64).
121
Let b = 93 - 51. Let i = 326 + 122. Calculate the remainder when b is divided by 4/6 - 29/((-609)/i).
20
Suppose 0 = 2*z - 252 + 62. Let h = z + -73. What is the remainder when 35 is divided by h?
13
Let l(k) = -11*k**3 - 2*k**2 - 9*k + 1. Let v be l(-6). Suppose 27*j + 253 = v. Let p(t) = -t**2 + t + 20. Calculate the remainder when j is divided by p(0).
18
Suppose 32*z - 54*z - 47*z = -9522. Calculate the remainder when 950 is divided by z.
122
Suppose 0 = -4*i + 2*f - 8, -5*f + 7*f = 8. Suppose i = 126*p - 117*p - 522. Calculate the remainder when 156 is divided by p.
40
Suppose -31850 = 22*k - 40*k - 31*k. What is the remainder when 663 is divided by k?
13
Suppose 2*f + 3*l = 1538, 3*f - 2*l - 700 = 1620. Calculate the remainder when f is divided by 129.
127
Let y = 22112 - 21945. What is the remainder when 620 is divided by y?
119
Let q = -20 + 20. Suppose -116 = 4*k - q*k. Let o = 59 + k. Calculate the remainder when 89 is divided by o.
29
Let l(s) = 77*s + 1007. Calculate the remainder when l(-7) is divided by 121.
105
Calculate the remainder when 4317 is divided by (-9 + 6)*(-12)/((-180)/(-115)).
16
Calculate the remainder when 1185 is divided by (-6)/10 - 50274/(-2565).
7
What is the remainder when 406 is divided by ((-12)/36)/(1/(-210))?
56
Let d(o) = -9*o**3 + o**2 + 7*o + 6. Let v be d(-2). Let w = v - 6. What is the remainder when 122 is divided by w?
60
Suppose -35 = -32*n - 3. What is the remainder when n/(1 + (-1952)/1960) is divided by 62?
59
Let p = -5330 + 5405. Calculate the remainder when p is divided by 27.
21
Suppose -143*a + 7617 = -3108. Let o(w) = -w**2 + 447. Calculate the remainder when o(0) is divided by a.
72
Suppose 4*n = 3 + 21. Let r be n/(-2) + 5 + 1. Suppose 516 = r*l + 9*l. What is the remainder when l is divided by 11?
10
Suppose 21*p - 25*p = -656. Suppose -4*m + 2*y = -212, -4*y - p = -7*m + 4*m. What is the remainder when m is divided by 19?
14
Let x = 282 + -290. Let r = x - -39. What is the remainder when r is divided by 7?
3
Suppose -2*s - g + 3 = 0, -2*g = -107*s + 104*s + 8. Calculate the remainder when 170 is divided by s.
0
Suppose 4*u - 3*f - 19 = -4, 4*u + 2*f + 10 = 0. Suppose 6*h - 9*h = u, 3*h + 176 = v. What is the remainder when v is divided by 45?
41
Suppose 2*h = -38*h + 7880. Calculate the remainder when 586 is divided by h.
192
Suppose 10*t - 1944 = 7*t. Let s = t + -359. Suppose -12*r - 5*r = -s. Calculate the remainder when 44 is divided by r.
10
Let v be ((-80)/(-32) - (3 - 0))*-6. Let y(g) = 12*g**3 + 4*g**2 - 7*g + 7. Calculate the remainder when y(v) is divided by 87.
85
Calculate the remainder when 7136 is divided by (10/6)/(285/(-342))*-38.
68
Let v = -11435 - -11444. What is the remainder when 665 is divided by v?
8
Suppose 4*j + 8371 = 5*d, 6*d - 7*d + 1659 = 3*j. Calculate the remainder when d is divided by 7.
5
Let o(g) = g**2 - 35*g - 139. What is the remainder when 361 is divided by o(-5)?
56
Let t(h) = 22*h**2 + 3*h - 8. Suppose -31 + 9 = -11*y. Let x(g) = -g + 6. Calculate the remainder when t(y) is divided by x(-5).
9
Let y(b) = -b**3 + 11*b**2 + 35*b - 137. What is the remainder when 751 is divided by y(12)?
56
Suppose -83*w - 20 = -85*w. Calculate the remainder when (8 - -26)*((-25)/w - -3) is divided by 11.
6
Let g(o) = -3*o**3 + 18*o**2 - 43. Let t be g(7). Let m = t + 251. What is the remainder when 119 is divided by m?
58
Let k(f) = -f**2 - 2*f + 1. Let r(m) = 2*m**2 + m - 52. Let d(t) = -k(t) + r(t). What is the remainder when d(9) is divided by (-33)/(6/(-8)*1)?
41
Let u be 2/(1 - 110/(-38) - 4). Let w(y) = y**3 + 22*y**2 + 57*y + 14. Calculate the remainder when w(u) is divided by 5.
4
Let k(z) be the second derivative of -z**5/20 - 11*z**4/6 - z**3/3 + 35*z**2/2 + 161*z. What is the remainder when k(-22) is divided by 43?
36
Suppose 10780 = 190*s + 6*s. Let f = -28 - -42. Calculate the remainder when s is divided by f.
13
Suppose -g - 10 = 9*g. Let r(q) be the first derivative of -57*q**4/4 + q**3/3 + q**2 + q - 1. What is the remainder when r(g) is divided by 15?
12
Suppose 14*k - 9*k - 25 = 0. Suppose -149 = k*n - 174. Calculate th